ded by 106?
88
Let y(m) = -564 + m + 692 - 5*m + 4*m - 5*m. Calculate the remainder when 530 is divided by y(20).
26
Suppose 211*o - 4356 - 5656 = -517. What is the remainder when 149 is divided by o?
14
What is the remainder when 0 - -6 - (-10 - 1166/11) is divided by 14?
10
Let d(n) = -n**2 + 12*n - 15. Let j be d(10). Let m be 2 + -3 + (j - -17). Suppose -h + m = -0. What is the remainder when h is divided by 12?
9
Let h(v) = -v - 12. Let p be h(-22). Suppose p = -45*u + 46*u. What is the remainder when 30 is divided by u?
0
What is the remainder when (-15 - -833)/(8/2)*4 - 2 is divided by 269?
9
Let d be (2 + -4)*(-2 - (-6)/4). Let z be (9 - d)/2 - 0. Suppose -36 = -5*i + 4*n + 55, 0 = -z*n - 16. What is the remainder when 54 is divided by i?
9
Let s = -6854 - -7045. What is the remainder when s is divided by 5?
1
What is the remainder when 12*(-116)/(-16)*1*(-23)/(-3) is divided by 26?
17
Let d(g) = -5*g**3 - 11*g**2 - 10*g. Let m be d(-9). Suppose 1102 - m = -26*k. Suppose 175 = -p + 6*p. Calculate the remainder when k is divided by p.
32
Let f = -13 - 55. Let k = -47 - f. What is the remainder when k is divided by 6?
3
Calculate the remainder when 552 is divided by (-135)/20*(-32)/3*10/20.
12
Suppose -873 = 40*v - 43*v. Suppose c + v = 337. What is the remainder when 87 is divided by c?
41
Let z(p) = -185*p + 322. Let u be z(-20). Suppose 0 = -31*i - 54 + u. What is the remainder when i is divided by 22?
18
Suppose 0 = 2*v + 5*c + 12, 5*v - 4*c = -9*c - 30. Let k be (45/v)/(-3)*(-8)/10. Calculate the remainder when ((-3)/(-12)*k)/(1/(-94)) is divided by 14.
5
Suppose 0 = -0*y - 3*y + 75. Suppose -18 = 11*c - 128. Suppose -c*u + 254 = -166. What is the remainder when u is divided by y?
17
Suppose -2*n = -l - 1156, -2264 - 48 = -4*n - 5*l. Let x = n + -546. Calculate the remainder when 63 is divided by x.
31
Let c(y) = -y**3 + 6*y**2 - 2*y - 2. Let w be c(4). Let d = 26 - w. What is the remainder when (-6)/9*(-42)/(-4)*-6 is divided by d?
2
Suppose -12*z = -15*z + 15, -n + 3*z + 89 = 0. Suppose 5*t = 13*t - n. What is the remainder when 47 is divided by t?
8
Suppose 0 = -5*d + 2*o - 171 + 491, -3*o = 3*d - 171. Suppose -3*c - 2*s = -0*s - d, 92 = 4*c + 5*s. Calculate the remainder when 88 is divided by c.
16
Suppose 4*k - 331 = -355, 4*g = -4*k + 552. Calculate the remainder when 695 is divided by g.
119
Let d = -200 - -51. Let y = -113 - d. Calculate the remainder when (-4)/6*-53 + y/54 is divided by 3.
0
Let s(i) = -23*i - 133. Let n be s(-6). Suppose -3*l = -8*g + 5*g + 48, -125 = -n*g - 4*l. What is the remainder when g is divided by 11?
10
Let g = -38752 - -39017. Calculate the remainder when g is divided by 143.
122
Let n(y) = y**3 + 23*y**2 + 56*y - 35. Let j be -5*(4 + -3 + 3). What is the remainder when 261 is divided by n(j)?
36
Suppose -3*c + 437 = -4*z, 3*c - 423*z - 392 = -428*z. Calculate the remainder when 295 is divided by c.
17
Let h(v) = -v**3 + 21*v**2 + 44*v + 171. What is the remainder when h(23) is divided by 12?
5
Suppose -124*h + 24 = -112*h. Suppose h*n - 834 = 120. What is the remainder when n is divided by 30?
27
Let l = 64 - -22. Let c(t) = -t**2 + 2*t + 74. Let x be c(10). What is the remainder when l is divided by 88/3 + x/(-9)?
26
Calculate the remainder when -3 + 5564/18 - 1390/1251 is divided by 45.
35
Suppose -5*b = 4*z - 1822, 4*b = z + 97 + 1369. Calculate the remainder when 196 is divided by b/2*(20/12)/5.
13
Let v(c) = -5*c**3 - 3*c**2 - 79. Calculate the remainder when v(-6) is divided by 882.
11
Calculate the remainder when (-40)/90 + (-53893)/(-63) is divided by 20.
15
Suppose 4*f - 1131 = n + 290, 1423 = 4*f - 3*n. What is the remainder when f is divided by 85?
15
Let y = 5137 + -4683. Calculate the remainder when y is divided by 35.
34
Let b(t) = 17*t**2 - 34*t + 5. Calculate the remainder when 2820 is divided by b(2).
0
Let a = -253 - -404. Let b = -10 + 15. Suppose 0 = -b*z - q + a, -z - 4*q - 56 = -3*z. Calculate the remainder when 87 is divided by z.
27
Let s(v) = 10*v - 26. Let y(h) = -15*h - 101. Let o be y(-7). What is the remainder when 150 is divided by s(o)?
10
Suppose 25*m + 554 = 4*w + 22*m, -2*m = -4*w + 560. Calculate the remainder when w is divided by 50.
43
Let h = 75 - 70. Suppose 0 = -2*v - 5*r + 54 + h, 0 = 2*v - 2*r - 24. Calculate the remainder when 131 is divided by (3 - 1) + v*(-3 + 4).
17
What is the remainder when 500 is divided by (90 + -61)/(4/10 + 6/10)?
7
Let t(r) = 10*r - 10. Let f = -29 + 33. Let m be t(f). Let p = m - -10. What is the remainder when 157 is divided by p?
37
Let i = 9813 - 9184. Calculate the remainder when i is divided by 214.
201
Let t(b) = b**2 - 13*b - 33. Suppose -5*u + 2028 = -2*j, 788 = -5*u + 7*u + 5*j. What is the remainder when u is divided by t(-3)?
14
Suppose 15*x - 16*x = -9. Let h = 289 + -168. Suppose 113 = x*j - h. Calculate the remainder when 49 is divided by j.
23
Let y = 1350 - 1339. Suppose 2*z = -4*q + 2*q + 220, 431 = 4*q - 5*z. Let o = q + -77. Calculate the remainder when o is divided by y.
10
Let w = 664 + -172. What is the remainder when w/5 + 4/(-10) is divided by -14 + (-513)/(-36) + (-79)/(-4)?
18
Suppose 6*x = -25 + 85. What is the remainder when (-4)/(-5) - (-4062)/20*2 is divided by x?
7
Suppose 12871 = 9*q - 8513. What is the remainder when q/45 - 2/(-10) is divided by 20?
13
Suppose -3*a = -a, 4*a - 4 = 4*p. Let d(h) = -52*h**3 - 3*h**2 + h + 3. Calculate the remainder when 148 is divided by d(p).
46
What is the remainder when 23692 is divided by (-645)/(-10) + 75/50?
64
Let y(z) = -z**2 + 27*z + 737. What is the remainder when 219 is divided by y(-15)?
5
Suppose 5*y - 3*m - 3433 = 0, m = -3*y + 3*m + 2060. Suppose -66*u = -73*u + y. Calculate the remainder when u is divided by 11.
10
Suppose -k - 2*u = 9, -u = -5*k + 2 - 3. Let g = k - -16. Let h = 21 - g. Calculate the remainder when 17 is divided by h.
5
Suppose o = 4 + 14. Let q(r) = -5*r**2 + 54*r + 664. What is the remainder when q(16) is divided by o?
14
Let m(j) = -43*j + 6639. Let l(a) = 17*a - 13. Calculate the remainder when l(11) is divided by m(153).
54
Let b = 82 + -48. What is the remainder when 15 + 120 - -4*(-12)/16 is divided by b?
30
Calculate the remainder when 1208 is divided by (-13 - (-12 - -1))/(1/4) + 176.
32
Let m(v) = 358*v + 5736. Suppose -g + i - 2*i + 13 = 0, 4*g = 2*i + 40. Let r = 34 - g. What is the remainder when r is divided by m(-16)?
7
Suppose 0 = 409*a + 3171 - 23621. Calculate the remainder when 902 is divided by a.
2
Suppose 27*a = 15 + 174. Suppose -a*d = -19*d + 240. Calculate the remainder when 55 is divided by d.
15
Suppose 4*q - 165 = 43. Let t = 34 - q. Calculate the remainder when 76/6 - 3*(-4)/t is divided by 3.
0
Suppose -3 = -3*q, q + 2 = -l + 99. Suppose 428*b + l = 434*b. What is the remainder when 476 is divided by b?
12
Suppose z - 5*c + 15 = 0, 3*c + 6 - 15 = -5*z. Suppose -33*b + 31*b + 248 = z. What is the remainder when b is divided by 9?
7
Let r = 179 - 174. Suppose z = -2*q + 10, z - r + 13 = q. Calculate the remainder when 91 is divided by q.
1
Let v(b) = 545*b**2 - 308*b - 936. What is the remainder when v(-3) is divided by 976?
13
Let r(h) = 12*h**2 + h + 2. Let w be ((-80)/(-15))/((-2)/(-3)). Let g be (-110)/80 - (-3)/w. What is the remainder when 64 is divided by r(g)?
12
Suppose -45*n + 574753 = 573808. Suppose -2 = -3*h - 11, 3*f = h - 3. Calculate the remainder when (-404)/6*3/f is divided by n.
17
Let n(o) = 10*o**2 - 176*o - 99. What is the remainder when n(23) is divided by 66?
21
Let z = 11 - 8. Let a = 38714 + -38663. What is the remainder when a is divided by z?
0
Let a(h) = h**2 - 6*h + 3. What is the remainder when a(6) is divided by -13 + (20 - (12 - 7))?
1
Suppose -22*i + 19*i - 4*f = -224, 3*f = i - 92. Suppose -a + 4*z + 32 + i = 0, -3*a + 344 = -4*z. Calculate the remainder when a is divided by 17.
14
Suppose 4*s - 13 = 3*s. Let h(t) = t**3 + 5*t**2 - 9*t - 14. Let x be h(-6). What is the remainder when 4*x/(-56) + (-1630)/(-70) is divided by s?
10
Calculate the remainder when ((-41445)/(-18) - -16)*2 is divided by 25.
12
Let k(t) = -385*t + 770. Let b(r) = 16*r - 32. Let i(q) = 49*b(q) + 2*k(q). What is the remainder when 54 is divided by i(3)?
12
Let w(d) = -2*d**2 - 124*d + 408. 